{"id":1314,"date":"2025-01-27T15:16:56","date_gmt":"2025-01-27T14:16:56","guid":{"rendered":"https:\/\/atfs67.fr\/?page_id=1314"},"modified":"2025-04-02T19:08:13","modified_gmt":"2025-04-02T17:08:13","slug":"page_contact","status":"publish","type":"page","link":"https:\/\/atfs67.fr\/index.php\/page_contact\/","title":{"rendered":"Page_Contact"},"content":{"rendered":"<p>[et_pb_section fb_built=&#8221;1&#8243; custom_padding_last_edited=&#8221;on|phone&#8221; _builder_version=&#8221;4.27.4&#8243; _module_preset=&#8221;default&#8221; background_enable_color=&#8221;off&#8221; background_image=&#8221;http:\/\/atfs67.fr\/wp-content\/uploads\/2025\/03\/formulaire_contact.png&#8221; custom_padding=&#8221;||7%||false|false&#8221; custom_padding_tablet=&#8221;||3%||false|false&#8221; custom_padding_phone=&#8221;0px||0%||false|false&#8221; global_module=&#8221;1401&#8243; saved_tabs=&#8221;all&#8221; global_colors_info=&#8221;{%22gcid-cf2cd0e0-815e-4d59-aa67-afc571e33fc9%22:%91%22background_color%22%93}&#8221;][et_pb_row admin_label=&#8221;Ligne&#8221; _builder_version=&#8221;4.27.4&#8243; _module_preset=&#8221;default&#8221; positioning=&#8221;none&#8221; width=&#8221;100%&#8221; max_width=&#8221;100%&#8221; custom_padding=&#8221;5%||5%||true|false&#8221; global_colors_info=&#8221;{}&#8221;][et_pb_column type=&#8221;4_4&#8243; _builder_version=&#8221;4.27.4&#8243; _module_preset=&#8221;default&#8221; global_colors_info=&#8221;{}&#8221;][et_pb_text _builder_version=&#8221;4.27.4&#8243; _module_preset=&#8221;default&#8221; text_orientation=&#8221;center&#8221; custom_margin=&#8221;0px||0px||true|false&#8221; custom_padding_tablet=&#8221;&#8221; custom_padding_phone=&#8221;|5%||5%|false|true&#8221; custom_padding_last_edited=&#8221;on|phone&#8221; global_colors_info=&#8221;{}&#8221;]<\/p>\n<h2>Besoin d&#8217;informations ? Un devis ?<\/h2>\n<p>[\/et_pb_text][et_pb_text _builder_version=&#8221;4.27.4&#8243; _module_preset=&#8221;default&#8221; text_orientation=&#8221;center&#8221; custom_margin=&#8221;0px||0px||true|false&#8221; custom_padding=&#8221;0px|30%|0px|30%|true|true&#8221; custom_padding_tablet=&#8221;0px|5%|0px|5%|true|true&#8221; custom_padding_phone=&#8221;&#8221; custom_padding_last_edited=&#8221;on|phone&#8221; hover_enabled=&#8221;0&#8243; global_colors_info=&#8221;{}&#8221; sticky_enabled=&#8221;0&#8243;]<\/p>\n<p>Contactez-nous pour tout type de demande : informations suppl\u00e9mentaires sur nos prestations ou pour une commande.<\/p>\n<p>[\/et_pb_text][\/et_pb_column][\/et_pb_row][et_pb_row column_structure=&#8221;2_5,3_5&#8243; use_custom_gutter=&#8221;on&#8221; gutter_width=&#8221;1&#8243; make_equal=&#8221;on&#8221; custom_padding_last_edited=&#8221;on|tablet&#8221; _builder_version=&#8221;4.27.4&#8243; _module_preset=&#8221;default&#8221; positioning=&#8221;none&#8221; width=&#8221;75%&#8221; width_tablet=&#8221;90%&#8221; width_phone=&#8221;100%&#8221; width_last_edited=&#8221;on|phone&#8221; max_width=&#8221;75%&#8221; max_width_tablet=&#8221;90%&#8221; max_width_phone=&#8221;100%&#8221; max_width_last_edited=&#8221;on|tablet&#8221; min_height=&#8221;65%&#8221; min_height_tablet=&#8221;65%&#8221; min_height_phone=&#8221;65%&#8221; min_height_last_edited=&#8221;on|tablet&#8221; height=&#8221;65%&#8221; height_tablet=&#8221;100%&#8221; height_phone=&#8221;100%&#8221; height_last_edited=&#8221;on|phone&#8221; max_height=&#8221;100%&#8221; custom_margin=&#8221;||||true|false&#8221; custom_margin_tablet=&#8221;10%||10%||true|true&#8221; custom_margin_phone=&#8221;0%||5%||false|false&#8221; custom_margin_last_edited=&#8221;on|tablet&#8221; custom_padding=&#8221;0px||0px||true|false&#8221; custom_padding_tablet=&#8221;|0px||0px|true|true&#8221; custom_padding_phone=&#8221;0px|0px|0px|0px|false|true&#8221; custom_css_main_element=&#8221;display:flex;||margin:auto!important;&#8221; global_colors_info=&#8221;{}&#8221; custom_css_main_element_last_edited=&#8221;on|phone&#8221; custom_css_main_element_tablet=&#8221;display:block;&#8221; custom_css_main_element_phone=&#8221;display:block;&#8221;][et_pb_column type=&#8221;2_5&#8243; _builder_version=&#8221;4.27.4&#8243; _module_preset=&#8221;default&#8221; background_color=&#8221;gcid-2dac57f1-9140-46e8-ac53-c0e40698d7d7&#8243; custom_padding=&#8221;50px|50px|50px|50px|true|true&#8221; custom_padding_tablet=&#8221;35px|35px|35px|35px|true|true&#8221; custom_padding_phone=&#8221;25px|25px|25px|25px|true|true&#8221; custom_padding_last_edited=&#8221;on|phone&#8221; global_colors_info=&#8221;{%22gcid-2dac57f1-9140-46e8-ac53-c0e40698d7d7%22:%91%22background_color%22%93}&#8221;][et_pb_text _builder_version=&#8221;4.27.4&#8243; _module_preset=&#8221;default&#8221; global_colors_info=&#8221;{}&#8221;]<\/p>\n<h2 class=\"dark\">Nous restons \u00e0 votre \u00e9coute<\/h2>\n<p>[\/et_pb_text][et_pb_text _builder_version=&#8221;4.27.4&#8243; _module_preset=&#8221;default&#8221; custom_padding=&#8221;||13%||false|false&#8221; custom_padding_tablet=&#8221;||7%||false|false&#8221; custom_padding_phone=&#8221;&#8221; custom_padding_last_edited=&#8221;on|phone&#8221; global_colors_info=&#8221;{}&#8221;]<\/p>\n<p class=\"dark\">Interventions d&#8217;urgence, installation de portes blind\u00e9es, reproduction de cl\u00e9s et services de m\u00e9tallerie, nous r\u00e9pondons rapidement \u00e0 vos besoins de s\u00e9curit\u00e9.<\/p>\n<p>[\/et_pb_text][et_pb_divider color=&#8221;gcid-fddb424e-f2d0-404e-85be-60cf1e6664f7&#8243; divider_weight=&#8221;5px&#8221; _builder_version=&#8221;4.27.4&#8243; _module_preset=&#8221;default&#8221; width=&#8221;10%&#8221; global_colors_info=&#8221;{%22gcid-fddb424e-f2d0-404e-85be-60cf1e6664f7%22:%91%22color%22%93}&#8221;][\/et_pb_divider][et_pb_text _builder_version=&#8221;4.27.4&#8243; _module_preset=&#8221;default&#8221; global_colors_info=&#8221;{}&#8221;]<\/p>\n<h5 class=\"dark\">Par t\u00e9l\u00e9phone<\/h5>\n<p>[\/et_pb_text][et_pb_text _builder_version=&#8221;4.27.4&#8243; _module_preset=&#8221;default&#8221; custom_margin=&#8221;||7%||false|false&#8221; custom_margin_tablet=&#8221;||5%||false|false&#8221; custom_margin_phone=&#8221;&#8221; custom_margin_last_edited=&#8221;on|tablet&#8221; global_colors_info=&#8221;{}&#8221;]<\/p>\n<p class=\"dark\">T\u00e9l: 03 88 30 00 55<\/p>\n<p>[\/et_pb_text][et_pb_divider color=&#8221;gcid-fddb424e-f2d0-404e-85be-60cf1e6664f7&#8243; divider_weight=&#8221;5px&#8221; _builder_version=&#8221;4.27.4&#8243; _module_preset=&#8221;default&#8221; width=&#8221;10%&#8221; global_colors_info=&#8221;{%22gcid-fddb424e-f2d0-404e-85be-60cf1e6664f7%22:%91%22color%22%93}&#8221;][\/et_pb_divider][et_pb_text _builder_version=&#8221;4.27.4&#8243; _module_preset=&#8221;default&#8221; global_colors_info=&#8221;{}&#8221;]<\/p>\n<h5 class=\"dark\">Par mail<\/h5>\n<p>[\/et_pb_text][et_pb_text _builder_version=&#8221;4.27.4&#8243; _module_preset=&#8221;default&#8221; custom_margin=&#8221;||7%||false|false&#8221; custom_margin_tablet=&#8221;||5%||false|false&#8221; custom_margin_phone=&#8221;&#8221; custom_margin_last_edited=&#8221;on|tablet&#8221; global_colors_info=&#8221;{}&#8221;]<\/p>\n<p class=\"dark\">atfs67200@gmail.com<\/p>\n<p>[\/et_pb_text][et_pb_divider color=&#8221;gcid-fddb424e-f2d0-404e-85be-60cf1e6664f7&#8243; divider_weight=&#8221;5px&#8221; admin_label=&#8221;S\u00e9parateur&#8221; _builder_version=&#8221;4.27.4&#8243; _module_preset=&#8221;default&#8221; width=&#8221;10%&#8221; global_colors_info=&#8221;{%22gcid-fddb424e-f2d0-404e-85be-60cf1e6664f7%22:%91%22color%22%93}&#8221;][\/et_pb_divider][et_pb_text _builder_version=&#8221;4.27.4&#8243; _module_preset=&#8221;default&#8221; global_colors_info=&#8221;{}&#8221;]<\/p>\n<h5 class=\"dark\">O\u00f9 nous trouver ?<\/h5>\n<p>[\/et_pb_text][et_pb_text _builder_version=&#8221;4.27.4&#8243; _module_preset=&#8221;default&#8221; global_colors_info=&#8221;{}&#8221;]<\/p>\n<p class=\"dark\">11, Route des Romains<br \/>67200 Strasbourg<\/p>\n<p>[\/et_pb_text][\/et_pb_column][et_pb_column type=&#8221;3_5&#8243; _builder_version=&#8221;4.27.4&#8243; _module_preset=&#8221;default&#8221; background_color=&#8221;gcid-97af3882-1e6b-4838-bbb0-10a639b6e552&#8243; custom_padding=&#8221;||||true|true&#8221; custom_padding_tablet=&#8221;5%|5%|5%|5%|true|true&#8221; custom_padding_phone=&#8221;|0px||0px|true|true&#8221; custom_padding_last_edited=&#8221;on|tablet&#8221; custom_css_main_element=&#8221;display:flex;&#8221; global_colors_info=&#8221;{%22gcid-97af3882-1e6b-4838-bbb0-10a639b6e552%22:%91%22background_color%22%93}&#8221; custom_css_main_element_last_edited=&#8221;on|tablet&#8221; custom_css_main_element_tablet=&#8221;display:block;&#8221; custom_css_main_element_phone=&#8221;display:block;&#8221;][et_pb_contact_form use_spam_service=&#8221;on&#8221; recaptcha_list=&#8221;Clef Recaptcha Google pour mon site|Clef Recaptcha Google pour mon site-0&#8243; recaptcha_min_score=&#8221;0.9&#8243; email=&#8221;atfs67200@gmail.com&#8221; title=&#8221;Pour contacter l&#8217;\u00e9quipe atfs, veuillez remplir ce formulaire&#8221; custom_message=&#8221;Salut Atfs67, un nouveau client \u00e0 besoin de tes services pour %%raison%%||et_pb_line_break_holder||||et_pb_line_break_holder||Voici les information li\u00e9s \u00e0 sa demande :||et_pb_line_break_holder||||et_pb_line_break_holder||%%nom%%||et_pb_line_break_holder||%%prenom%%||et_pb_line_break_holder||%%mail%%||et_pb_line_break_holder||%%message%%&#8221; success_message=&#8221;Votre message \u00e0 bien \u00e9t\u00e9 envoy\u00e9. L&#8217;\u00e9quipe de atfs67 vous recontactera prochainement&#8221; submit_button_text=&#8221;Envoyer&#8221; _builder_version=&#8221;4.27.4&#8243; _module_preset=&#8221;default&#8221; _unique_id=&#8221;92af7d31-a538-40bf-adea-b8d8deec9500&#8243; form_field_text_color=&#8221;gcid-e93be2cc-ba11-4e4f-91fa-1d065fc14dde&#8221; form_field_focus_text_color=&#8221;gcid-cf2cd0e0-815e-4d59-aa67-afc571e33fc9&#8243; title_level=&#8221;h3&#8243; title_text_color=&#8221;gcid-cf2cd0e0-815e-4d59-aa67-afc571e33fc9&#8243; captcha_font=&#8221;||||||||&#8221; captcha_font_size=&#8221;16px&#8221; custom_button=&#8221;on&#8221; button_text_size=&#8221;16px&#8221; button_text_color=&#8221;gcid-cf2cd0e0-815e-4d59-aa67-afc571e33fc9&#8243; button_bg_color=&#8221;gcid-fddb424e-f2d0-404e-85be-60cf1e6664f7&#8243; button_border_width=&#8221;2px&#8221; button_border_color=&#8221;RGBA(255,255,255,0)&#8221; button_border_radius=&#8221;0px&#8221; button_icon=&#8221;&#xf1d8;||fa||900&#8243; button_icon_placement=&#8221;left&#8221; width=&#8221;100%&#8221; max_width=&#8221;100%&#8221; custom_margin=&#8221;0px||0px||true|false&#8221; custom_padding=&#8221;0px|5%|0px|5%|true|true&#8221; custom_padding_tablet=&#8221;|0%||0%|true|true&#8221; custom_padding_phone=&#8221;0%|5%|0px|5%|false|true&#8221; custom_padding_last_edited=&#8221;on|phone&#8221; custom_css_main_element=&#8221;margin:auto!important;&#8221; global_colors_info=&#8221;{%22gcid-cf2cd0e0-815e-4d59-aa67-afc571e33fc9%22:%91%22title_text_color%22,%22form_field_focus_text_color%22,%22button_text_color%22%93,%22gcid-fddb424e-f2d0-404e-85be-60cf1e6664f7%22:%91%22button_bg_color%22%93,%22gcid-e93be2cc-ba11-4e4f-91fa-1d065fc14dde%22:%91%22form_field_text_color%22%93}&#8221;][et_pb_contact_field field_id=&#8221;nom&#8221; field_title=&#8221;Nom*&#8221; _builder_version=&#8221;4.27.4&#8243; form_field_background_color=&#8221;RGBA(255,255,255,0)&#8221; form_field_text_color=&#8221;rgba(31,39,51,0.5)&#8221; form_field_font_size=&#8221;16px&#8221; border_width_bottom=&#8221;1px&#8221; border_color_bottom=&#8221;gcid-e93be2cc-ba11-4e4f-91fa-1d065fc14dde&#8221; global_colors_info=&#8221;{%22gcid-e93be2cc-ba11-4e4f-91fa-1d065fc14dde%22:%91%22border_color_bottom%22%93}&#8221; button_text_size__hover_enabled=&#8221;off&#8221; button_one_text_size__hover_enabled=&#8221;off&#8221; button_two_text_size__hover_enabled=&#8221;off&#8221; button_text_color__hover_enabled=&#8221;off&#8221; button_one_text_color__hover_enabled=&#8221;off&#8221; button_two_text_color__hover_enabled=&#8221;off&#8221; button_border_width__hover_enabled=&#8221;off&#8221; button_one_border_width__hover_enabled=&#8221;off&#8221; button_two_border_width__hover_enabled=&#8221;off&#8221; button_border_color__hover_enabled=&#8221;off&#8221; button_one_border_color__hover_enabled=&#8221;off&#8221; button_two_border_color__hover_enabled=&#8221;off&#8221; button_border_radius__hover_enabled=&#8221;off&#8221; button_one_border_radius__hover_enabled=&#8221;off&#8221; button_two_border_radius__hover_enabled=&#8221;off&#8221; button_letter_spacing__hover_enabled=&#8221;off&#8221; button_one_letter_spacing__hover_enabled=&#8221;off&#8221; button_two_letter_spacing__hover_enabled=&#8221;off&#8221; button_bg_color__hover_enabled=&#8221;off&#8221; button_one_bg_color__hover_enabled=&#8221;off&#8221; button_two_bg_color__hover_enabled=&#8221;off&#8221;][\/et_pb_contact_field][et_pb_contact_field field_id=&#8221;prenom&#8221; field_title=&#8221;Pr\u00e9nom*&#8221; _builder_version=&#8221;4.27.4&#8243; form_field_background_color=&#8221;RGBA(255,255,255,0)&#8221; form_field_text_color=&#8221;gcid-e93be2cc-ba11-4e4f-91fa-1d065fc14dde&#8221; form_field_font_size=&#8221;16px&#8221; border_width_bottom=&#8221;1px&#8221; border_color_bottom=&#8221;gcid-e93be2cc-ba11-4e4f-91fa-1d065fc14dde&#8221; global_colors_info=&#8221;{%22gcid-e93be2cc-ba11-4e4f-91fa-1d065fc14dde%22:%91%22form_field_text_color%22,%22border_color_bottom%22%93}&#8221; button_text_size__hover_enabled=&#8221;off&#8221; button_one_text_size__hover_enabled=&#8221;off&#8221; button_two_text_size__hover_enabled=&#8221;off&#8221; button_text_color__hover_enabled=&#8221;off&#8221; button_one_text_color__hover_enabled=&#8221;off&#8221; button_two_text_color__hover_enabled=&#8221;off&#8221; button_border_width__hover_enabled=&#8221;off&#8221; button_one_border_width__hover_enabled=&#8221;off&#8221; button_two_border_width__hover_enabled=&#8221;off&#8221; button_border_color__hover_enabled=&#8221;off&#8221; button_one_border_color__hover_enabled=&#8221;off&#8221; button_two_border_color__hover_enabled=&#8221;off&#8221; button_border_radius__hover_enabled=&#8221;off&#8221; button_one_border_radius__hover_enabled=&#8221;off&#8221; button_two_border_radius__hover_enabled=&#8221;off&#8221; button_letter_spacing__hover_enabled=&#8221;off&#8221; button_one_letter_spacing__hover_enabled=&#8221;off&#8221; button_two_letter_spacing__hover_enabled=&#8221;off&#8221; button_bg_color__hover_enabled=&#8221;off&#8221; button_one_bg_color__hover_enabled=&#8221;off&#8221; button_two_bg_color__hover_enabled=&#8221;off&#8221;][\/et_pb_contact_field][et_pb_contact_field field_id=&#8221;mail&#8221; field_title=&#8221;Adresse e-mail*&#8221; field_type=&#8221;email&#8221; fullwidth_field=&#8221;on&#8221; _builder_version=&#8221;4.27.4&#8243; form_field_background_color=&#8221;RGBA(255,255,255,0)&#8221; form_field_text_color=&#8221;gcid-e93be2cc-ba11-4e4f-91fa-1d065fc14dde&#8221; form_field_font_size=&#8221;16px&#8221; border_width_bottom=&#8221;1px&#8221; border_color_bottom=&#8221;gcid-e93be2cc-ba11-4e4f-91fa-1d065fc14dde&#8221; global_colors_info=&#8221;{%22gcid-e93be2cc-ba11-4e4f-91fa-1d065fc14dde%22:%91%22form_field_text_color%22,%22border_color_bottom%22%93}&#8221; button_text_size__hover_enabled=&#8221;off&#8221; button_one_text_size__hover_enabled=&#8221;off&#8221; button_two_text_size__hover_enabled=&#8221;off&#8221; button_text_color__hover_enabled=&#8221;off&#8221; button_one_text_color__hover_enabled=&#8221;off&#8221; button_two_text_color__hover_enabled=&#8221;off&#8221; button_border_width__hover_enabled=&#8221;off&#8221; button_one_border_width__hover_enabled=&#8221;off&#8221; button_two_border_width__hover_enabled=&#8221;off&#8221; button_border_color__hover_enabled=&#8221;off&#8221; button_one_border_color__hover_enabled=&#8221;off&#8221; button_two_border_color__hover_enabled=&#8221;off&#8221; button_border_radius__hover_enabled=&#8221;off&#8221; button_one_border_radius__hover_enabled=&#8221;off&#8221; button_two_border_radius__hover_enabled=&#8221;off&#8221; button_letter_spacing__hover_enabled=&#8221;off&#8221; button_one_letter_spacing__hover_enabled=&#8221;off&#8221; button_two_letter_spacing__hover_enabled=&#8221;off&#8221; button_bg_color__hover_enabled=&#8221;off&#8221; button_one_bg_color__hover_enabled=&#8221;off&#8221; button_two_bg_color__hover_enabled=&#8221;off&#8221;][\/et_pb_contact_field][et_pb_contact_field field_id=&#8221;raison&#8221; field_title=&#8221;Quel est le sujet de votre demande ?*&#8221; field_type=&#8221;select&#8221; select_options=&#8221;%91{%22value%22:%22Installation de porte blind\u00e9e%22,%22checked%22:0,%22dragID%22:-1},{%22value%22:%22Reproduction de cl\u00e9%22,%22checked%22:0,%22dragID%22:0},{%22value%22:%22Service de m\u00e9tallerie%22,%22checked%22:0,%22dragID%22:1},{%22value%22:%22Autres demande%22,%22checked%22:0,%22dragID%22:2}%93&#8243; fullwidth_field=&#8221;on&#8221; _builder_version=&#8221;4.27.4&#8243; _module_preset=&#8221;default&#8221; form_field_background_color=&#8221;gcid-fddb424e-f2d0-404e-85be-60cf1e6664f7&#8243; form_field_text_color=&#8221;gcid-cf2cd0e0-815e-4d59-aa67-afc571e33fc9&#8243; form_field_font_size=&#8221;16px&#8221; global_colors_info=&#8221;{%22gcid-fddb424e-f2d0-404e-85be-60cf1e6664f7%22:%91%22form_field_background_color%22%93,%22gcid-cf2cd0e0-815e-4d59-aa67-afc571e33fc9%22:%91%22form_field_text_color%22%93}&#8221;][\/et_pb_contact_field][et_pb_contact_field field_id=&#8221;message&#8221; field_title=&#8221;Message*&#8221; field_type=&#8221;text&#8221; fullwidth_field=&#8221;on&#8221; _builder_version=&#8221;4.27.4&#8243; form_field_background_color=&#8221;gcid-2dac57f1-9140-46e8-ac53-c0e40698d7d7&#8243; form_field_font_size=&#8221;16px&#8221; global_colors_info=&#8221;{%22gcid-2dac57f1-9140-46e8-ac53-c0e40698d7d7%22:%91%22form_field_background_color%22%93}&#8221; button_text_size__hover_enabled=&#8221;off&#8221; button_one_text_size__hover_enabled=&#8221;off&#8221; button_two_text_size__hover_enabled=&#8221;off&#8221; button_text_color__hover_enabled=&#8221;off&#8221; button_one_text_color__hover_enabled=&#8221;off&#8221; button_two_text_color__hover_enabled=&#8221;off&#8221; button_border_width__hover_enabled=&#8221;off&#8221; button_one_border_width__hover_enabled=&#8221;off&#8221; button_two_border_width__hover_enabled=&#8221;off&#8221; button_border_color__hover_enabled=&#8221;off&#8221; button_one_border_color__hover_enabled=&#8221;off&#8221; button_two_border_color__hover_enabled=&#8221;off&#8221; button_border_radius__hover_enabled=&#8221;off&#8221; button_one_border_radius__hover_enabled=&#8221;off&#8221; button_two_border_radius__hover_enabled=&#8221;off&#8221; button_letter_spacing__hover_enabled=&#8221;off&#8221; button_one_letter_spacing__hover_enabled=&#8221;off&#8221; button_two_letter_spacing__hover_enabled=&#8221;off&#8221; button_bg_color__hover_enabled=&#8221;off&#8221; button_one_bg_color__hover_enabled=&#8221;off&#8221; button_two_bg_color__hover_enabled=&#8221;off&#8221;][\/et_pb_contact_field][\/et_pb_contact_form][\/et_pb_column][\/et_pb_row][\/et_pb_section]<\/p>\n","protected":false},"excerpt":{"rendered":"<p>Besoin d&#8217;informations ? Un devis ?Contactez-nous pour tout type de demande : informations suppl\u00e9mentaires sur nos prestations ou pour une commande.Nous restons \u00e0 votre \u00e9couteInterventions d&#8217;urgence, installation de portes blind\u00e9es, reproduction de cl\u00e9s et services de m\u00e9tallerie, nous r\u00e9pondons rapidement \u00e0 vos besoins de s\u00e9curit\u00e9.Par t\u00e9l\u00e9phoneT\u00e9l: 03 88 30 00 55Par mailatfs67200@gmail.comO\u00f9 nous trouver ?11, [&hellip;]<\/p>\n","protected":false},"author":1,"featured_media":0,"parent":0,"menu_order":0,"comment_status":"closed","ping_status":"closed","template":"","meta":{"_et_pb_use_builder":"on","_et_pb_old_content":"","_et_gb_content_width":"","footnotes":""},"class_list":["post-1314","page","type-page","status-publish","hentry"],"_links":{"self":[{"href":"https:\/\/atfs67.fr\/index.php\/wp-json\/wp\/v2\/pages\/1314","targetHints":{"allow":["GET"]}}],"collection":[{"href":"https:\/\/atfs67.fr\/index.php\/wp-json\/wp\/v2\/pages"}],"about":[{"href":"https:\/\/atfs67.fr\/index.php\/wp-json\/wp\/v2\/types\/page"}],"author":[{"embeddable":true,"href":"https:\/\/atfs67.fr\/index.php\/wp-json\/wp\/v2\/users\/1"}],"replies":[{"embeddable":true,"href":"https:\/\/atfs67.fr\/index.php\/wp-json\/wp\/v2\/comments?post=1314"}],"version-history":[{"count":37,"href":"https:\/\/atfs67.fr\/index.php\/wp-json\/wp\/v2\/pages\/1314\/revisions"}],"predecessor-version":[{"id":2295,"href":"https:\/\/atfs67.fr\/index.php\/wp-json\/wp\/v2\/pages\/1314\/revisions\/2295"}],"wp:attachment":[{"href":"https:\/\/atfs67.fr\/index.php\/wp-json\/wp\/v2\/media?parent=1314"}],"curies":[{"name":"wp","href":"https:\/\/api.w.org\/{rel}","templated":true}]}}